igit of p?
2
Suppose 3*l = 3*m + 6267, l + 19*m - 18*m = 2089. What is the hundreds digit of l?
0
Let c be 4 - -348*(9 - 5). Let r = 1995 - c. What is the units digit of r?
9
What is the tens digit of -23 - (-247)/13 - (-2 + -20230)?
2
What is the hundreds digit of 1*28/20 + (-51968)/(-80)?
6
Let d = -522 - -522. Suppose d = 41*m + 21*m - 75206. What is the thousands digit of m?
1
Let j(f) = -2*f**3 + 76*f**2 - 60*f + 121. What is the hundreds digit of j(35)?
3
Suppose m - 8 = 2*w - 0, 3*m = w + 4. Suppose -5*b - 2*s + 40 = m, -s = 4*b - 0*s - 32. Suppose -b*q + 11*q = 264. What is the units digit of q?
8
Suppose v - 25806 = 5*j, 4*v + j - 103338 = 2*j. What is the ten thousands digit of v?
2
What is the tens digit of 6488/10*575/230?
2
Suppose 4*s + 4*k - 33669 = -3097, 5*s - k - 38209 = 0. What is the hundreds digit of s?
6
Let y(q) = 35*q + 18 - 7*q + 2*q**2 - 6*q - 7 - 14*q. Suppose -2*i + 0*g = 5*g + 7, 3*g = -2*i - 9. What is the tens digit of y(i)?
3
Suppose -2*w - 46 = -x, w = -3*x - w + 162. Suppose 5*s - 18 = -f + x, -2*f - 2*s = -124. Let y = -49 + f. What is the units digit of y?
1
Suppose 131*q - 19253 - 21667 = -133*q. Let a be 2/(-3)*3*-4. Suppose -a*s = q - 755. What is the units digit of s?
5
Suppose 4*z = -o - 3*o - 16, -z + 16 = -4*o. Let n be (2 + (-2)/1)/(-2). Suppose z = -3*l - n + 174. What is the tens digit of l?
5
Let v(k) = 3*k**2 - 43*k - 42. Let n be v(-1). Suppose -5*m - 3*f + 3467 = -4831, -n*f = -2*m + 3314. What is the units digit of m?
9
Let w = 586 + -586. Suppose w*f - 30*f + 12660 = 0. What is the units digit of f?
2
Suppose 3*b + 2*h = 23680 + 63037, 5*h = 35. What is the units digit of b?
1
Let m(d) = 112*d + 109. Let x be m(21). Suppose 0 = -11*c - 437 + x. What is the units digit of c?
4
Suppose -h - 4*c - 182 = 0, -h - c = -2*h - 172. Let o = h - -891. What is the tens digit of o?
1
Suppose -a - 4*z + 7247 = 0, 0 = -4*a - 5*z + 6398 + 22612. What is the units digit of a?
5
Let f(v) = 25*v. Let h be f(-2). Let r be ((-6)/4)/(15/h). Suppose -g - 150 = -3*g - r*k, -150 = -2*g + 2*k. What is the tens digit of g?
7
Suppose 3*h - 2 = 13. Let a be 48/6*(h/2 - 1). Suppose a*l - 13*l = -72. What is the tens digit of l?
7
Suppose -434*i = -439*i + 26760. What is the tens digit of i?
5
Suppose -51 = -3*p + 3*t, 5*p - 7 = -3*t + 78. Suppose -4*r = -4*m + 24, 2*r + p = 8*m - 5*m. Suppose m*z - 1638 = -z. What is the hundreds digit of z?
2
Let u = -15698 + 16030. Let s be 28/(2/(-12) + 0). Let n = u + s. What is the hundreds digit of n?
1
Let m be -5 - 21*(-5)/5. Let f(l) = 24*l + 6. What is the tens digit of f(m)?
9
Suppose -20*r = 275 - 95. Let l(c) = 9*c**2 + 45*c - 16. What is the units digit of l(r)?
8
Suppose 3070*o = 3032*o + 18506. What is the hundreds digit of o?
4
What is the units digit of 693090/(-1071)*28/(-6)?
0
Suppose 0 = o - 2*a - 2408, 71*o - 70*o - 4*a = 2398. Let w = o + -1366. What is the units digit of w?
2
Suppose -5*c - u + 5912 = 0, -499 - 699 = -c + 5*u. Let v = c - -151. What is the tens digit of v?
3
Let i = -263 + -317. Let m be (-2)/(i/(-588) - 1). Suppose 0 = 3*u - m + 48. What is the tens digit of u?
3
Let k(g) = -2*g - 36. Let u be k(-18). Suppose 323*c - 322*c - 186 = u. What is the units digit of c?
6
Suppose -3*l + 975 = -77*d + 80*d, 4*d - 20 = 0. What is the units digit of l?
0
Suppose b = 4*a + 52466, -3100*a = -3102*a - 6. What is the units digit of b?
4
Let f(m) = 152*m**2 + 170*m + 2059. What is the units digit of f(-13)?
7
Let a be (-16)/(-5)*130/4. Suppose -26*m - 1820 = 364. Let o = a + m. What is the tens digit of o?
2
Suppose -7 = -4*d + 65. Suppose d*n = -3010 + 9454. What is the units digit of n?
8
Let t = -8 - -48. Suppose -t + 64 = 4*r. Suppose -2*s + r*s = 608. What is the units digit of s?
2
Let a(f) = -2*f - 1. Let v(l) = 7*l**3 + 11*l**2 - 6*l + 2. Let j(p) = 6*a(p) + v(p). What is the tens digit of j(5)?
5
Let h(j) = -25*j**3 - 2*j**2 + 117*j + 593. What is the hundreds digit of h(-5)?
0
Let z = -339 - -2101. Suppose 0 = 3*o - z + 13. What is the tens digit of o?
8
Suppose 5*j = s + 184552, -j + 26828 + 10074 = s. What is the ten thousands digit of j?
3
Let y(z) = -3*z**3 + 136*z**2 + 15*z + 235. What is the tens digit of y(45)?
3
Let w = 107630 - 76638. What is the tens digit of w?
9
Suppose 59 = 3*q - 37. Let b = q + -53. What is the tens digit of (-1716)/b - (-6)/21?
8
Let s be 30/(-8) - 6/(-8). Let j be -3*(8/6 + s). Suppose 0*u + 240 = j*v + 5*u, -2*u - 10 = 0. What is the units digit of v?
3
Suppose -3*r + 4*t + 16 = 0, 2*r - t = -2 + 6. Suppose 9*j - 6296 + 2336 = r. What is the tens digit of j?
4
Let k = -182 + 107. Let q = 21 - k. What is the units digit of q?
6
Suppose 0 = 4*f - 5*b + 24, -2*b - 12 = 2*f - 0*f. Let k be ((-10)/f)/(3/(-18)). Let t = -6 - k. What is the units digit of t?
4
Suppose 0 = o + j - 1 - 5, 5*j = o + 18. Suppose -o*b + 2238 = -3*h, 0 = 7*b - 9*b + h + 2238. What is the units digit of b?
9
Suppose 0 = 4*u - 4*z - 76, -56*u + 52*u = 4*z - 116. Let g = 524 - u. What is the hundreds digit of g?
5
Let a(f) = 17*f**3 + 8*f**2 + 13*f. Let m be a(-2). Let r be (104/m)/((-2)/5). Suppose -220 = r*c - 3*c. What is the tens digit of c?
2
Suppose 5*u - 987 = -t + 14663, 5*t - u - 78224 = 0. What is the tens digit of t?
4
What is the hundreds digit of (-1014269)/(-118)*(-2 - -4) - 9?
1
Let p = 37 + -67. Let f be (-1974)/p - (-1)/5. Suppose 0 = -3*s - 3, -2*s + f = 2*k - 0*k. What is the units digit of k?
4
Suppose -5*p + 2*p + 15 = 0, -15 = -4*s - 3*p. Suppose -20*x + 8*x + 1728 = s. What is the hundreds digit of x?
1
Suppose 0*c - 65 = -13*c. Suppose 5*n = 3*n - 5*p + 1431, c*n = 4*p + 3495. What is the hundreds digit of n?
7
Let k = 148 + 285. Suppose -4*d + 1251 = -k. What is the hundreds digit of d?
4
Suppose -5*i = 5*h - 300, -i - 3*h = 4*i - 304. Suppose 4*k + 2*n - i = 0, 0 = -2*n + 6. Suppose 40 - 502 = -k*q. What is the tens digit of q?
3
Let b(l) = 42*l**2 + l - 1409. What is the tens digit of b(22)?
4
Suppose 3121*z = 3131*z - 72290. What is the units digit of z?
9
Suppose 26*o - 285319 = 1016693 + 5112. What is the hundreds digit of o?
2
Suppose 0 = 4*r - 5*b, 3*r + 19 = 4*b - 5*b. Let c(m) = 26 - 2*m - 2*m - 24. What is the units digit of c(r)?
2
Let z = 5477 - 3424. What is the tens digit of z?
5
Suppose 0 = 15*j - 32160 - 60330. What is the units digit of j?
6
Suppose 4*h - 18695 = -0*h - 4559. What is the hundreds digit of h?
5
What is the thousands digit of 1 - (3*-3021 + 3 + -5)?
9
Suppose -1025 = -4*v + 3*j, 0*j - 3*j = -v + 254. Suppose -5*q + v = -43. Suppose q = h - 22. What is the tens digit of h?
8
Let z = 294 + -421. Suppose 44*h + 731 + 2393 = 0. Let y = h - z. What is the units digit of y?
6
Let v(l) = 2 - 5*l + 5 + 6*l. Let a be v(-7). Suppose 4*f + 0*f = 4*y + 660, 2*y + 4 = a. What is the units digit of f?
3
Suppose -b + 124 = 3*b. Let m = b - 28. Suppose -n = m*v - 46, 4*v - 19 = 2*v - 3*n. What is the tens digit of v?
1
What is the ten thousands digit of 3/(-12)*-15175*(38 - 34)?
1
Let t(u) = -35*u + 257. Let s be t(7). Suppose -5*m + 4*p + 2933 = 0, -s*m + 14*m - 1166 = -2*p. What is the tens digit of m?
8
Suppose -11*c + 34562 - 13090 = 0. Suppose -2*o - 2*w = -c, -3918 = -4*o + 8*w - 5*w. Suppose 3*y = -3, -4*h + 0*y + o = -2*y. What is the units digit of h?
4
Suppose -p = -4*p + 5*d - 2116, -2*p = -5*d + 1414. Let w = -450 - p. What is the hundreds digit of w?
2
Let x(p) = -p**3 + 7*p**2 - p + 1. Let z be x(3). Let m be 6/(-4) + 3213/z. Suppose -8*b + 427 + m = 0. What is the tens digit of b?
6
Let j(y) = -3*y + 36. Let k be j(7). Let f = k + -11. Suppose 0 = -f*v + 503 + 261. What is the units digit of v?
1
Suppose w = 1, 5*h - 6129 + 1786 = -3*w. What is the units digit of h?
8
Let r be (-6)/(-15) - (1 - (-935)/25). Let s = -32 - r. Suppose 5*w = -s*w + 242. What is the tens digit of w?
2
Suppose -46*w - 54*w = -3442200. What is the hundreds digit of w?
4
Suppose -12 = -5*f + 2*r, 0 = -0*f + 5*f - 5*r. What is the units digit of f/(-22) + 85372/308?
7
Let m(f) = 12*f**3 - 69*f**3 + 7*f - 109*f**3 + 20*f**3 - 14*f - 5. What is the thousands digit of m(-2)?
1
Let z = 40924 + -20300. What is the ten thousands digit of z?
2
Let o(g) = -35*g - 14. Let f(c) = -6*c**3 + c**2 - c. Let x be f(1). Let j be o(x